893 = 0. What is the tens digit of t?
7
Let j(c) = 51*c**3 + 6*c**2 + 67*c + 1. What is the thousands digit of j(7)?
8
Let q = 119 - 117. Suppose -2*f + 50 = -q*w, -f + 13 = -w + 3*f. Let v = w - -95. What is the tens digit of v?
6
Let u(w) = 2*w**2 + 14*w - 67. Let b be u(-13). Suppose 0 = -b*n + 87*n + 2028. What is the units digit of n?
4
Let f(n) = 2*n**2 + 30*n + 75. Let k be f(-12). Suppose k*l - 5*u = 36, -5*l + 20 = -4*l + u. What is the tens digit of l?
1
Let p = 132 + -69. Suppose -3*g + p - 3 = -5*m, 60 = -5*m + 4*g. What is the units digit of (-404)/m - (-10)/(-15)?
3
Suppose -16*l = -6*l - 1360. Let c = 1182 + l. What is the units digit of c?
8
Let a = 1927 + -475. Suppose 18*j - 6*j - a = 0. What is the units digit of j?
1
Let w(u) = 10*u + 6*u**2 + 2*u**2 - 2*u**2 - 12 - 79. What is the tens digit of w(8)?
7
What is the ten thousands digit of (-32)/(-12)*(-1)/4 - 6843954/(-234)?
2
Suppose 48*o - 51*o + 18 = 0, o + 8725 = c. What is the tens digit of c?
3
Let r(n) = n**3 - 7*n**2 + 6*n + 16. Let q be r(10). Suppose 495 = 4*h - f, -4*f - q = -4*h + 116. Suppose o + 3*o = h. What is the units digit of o?
1
Suppose -3*p = -5*o + 101017, 4902 = -5*o + 2*p + 105925. What is the hundreds digit of o?
2
Suppose q - 1121 - 5758 = 6469. What is the hundreds digit of q?
3
Let w(m) = -22*m + 52. Let g be w(-5). Let n = 158 + g. What is the tens digit of n?
2
Suppose 6*g - 84 + 6 = 0. Let v be 1948/g + 4/26. Suppose -3*p = -2*q + 52 + v, 484 = 5*q + 3*p. What is the units digit of q?
8
Let n(j) = j**2 + 3*j + 12. Let m be n(-3). Suppose 3*w + 3051 = m*w. What is the tens digit of w?
3
Suppose 9 = -4*m - 7. Let h(l) = 3*l**2 + 5*l + 9. Let d be h(m). Let j = 56 - d. What is the tens digit of j?
1
Let g be (1 + -16)/((-7)/14). Let x be (-89)/(-1) - (5 - g/5). Suppose 0 = i + 3*o - x, -o + 3*o - 320 = -4*i. What is the units digit of i?
8
Let c = 220 - 227. Let b(y) = 5*y**2 - 57*y + 3. What is the units digit of b(c)?
7
Let o(j) = 2*j**3 - 19*j**2 + 2*j - 20. Let p(x) = 1. Let y(m) = -m**2 - 2*m - 16. Let q(h) = -6*p(h) - y(h). Let l be q(0). What is the tens digit of o(l)?
0
Suppose 4301 - 27345 = -4*g. What is the hundreds digit of g?
7
Let r(g) = 8*g**2 - 175*g - 6009. What is the tens digit of r(-70)?
4
Suppose -4*z = 3*g + 112, -4*z = 5*g + 268 - 84. Let o = -31 - g. Suppose -o*r - 152 = -2*x, 3*x + 2*r = -r + 270. What is the tens digit of x?
8
Let d = 588 + -582. Suppose d*k = 7143 + 1905. What is the thousands digit of k?
1
Let p(q) = 2*q**3 + 36*q**2 - 38*q + 5. Let z be p(-19). Suppose -z*b = -115 - 1995. What is the units digit of b?
2
Suppose 5*u - 232 = 2*p, -2*u = 5*p - 84 - 3. Let j = u - 55. What is the units digit of (-662)/(-10) - j/(-45)?
6
Let s be (-2)/(3 + 145/(-49)). Let g be 68/(-51)*(-1668)/16. Let l = g - s. What is the tens digit of l?
8
Suppose j + 5*q = 1337, -5*j + 164*q - 163*q = -6659. What is the tens digit of j?
3
Let g be (-1)/4 + 504/(-32). Let d(z) = -z**2 + 12*z + 18 - 6*z**2 + 5*z**2 + 3*z**2. What is the tens digit of d(g)?
8
Let v(q) = -9 + 5*q + 20*q**2 - 18*q**2 + 27*q**2. What is the tens digit of v(4)?
7
Let z = 7 - -28. Let k = z + -40. What is the units digit of 71/(1 - 2 - 10/k)?
1
Let y(r) = 84*r**2 + 3*r**3 - 29*r**2 - 4*r**3 + 15 - 36*r**2 - 37*r. What is the units digit of y(16)?
1
Let n be (11 - 9)*(-3)/(-4)*2. Let x(g) = 6 + n*g**2 - g + 3*g**3 + 0*g**3 - 4*g**3. What is the units digit of x(0)?
6
Suppose 0 = -5*w - 5*y + 206260, 0 = -2*w - 237*y + 234*y + 82506. What is the hundreds digit of w?
2
Suppose 4*r + 2*i - 8442 = 4*i, -8443 = -4*r + i. Suppose 0*a + 3*v - r = -5*a, -5*a + 5*v + 2095 = 0. What is the units digit of a?
1
Let m be (-4)/(10 - 2)*-2. What is the tens digit of (86/6)/(3/171*m)?
1
Let u = 8590 - -43221. What is the thousands digit of u?
1
Let c(r) = 188*r - 3. Let o be c(8). Suppose -971 = -4*u + o. What is the hundreds digit of u?
6
Let u(y) = -22 + 19*y**2 - 85*y + 179*y - 89*y. What is the tens digit of u(5)?
7
Let j(v) = -58*v**2 - 66*v - 143. Let s(q) = -27*q**2 - 33*q - 71. Let u(h) = 6*j(h) - 13*s(h). What is the thousands digit of u(18)?
1
Let z(v) = -4*v - 19 + 19 + 15*v + 8*v**2. What is the hundreds digit of z(5)?
2
Suppose -3*f + 3*v + 16653 = -0*v, 2*f + 3*v = 11132. What is the hundreds digit of f?
5
Let x = -165 - -165. Suppose x = 8*b - 818 - 958. What is the tens digit of b?
2
Let s(v) = v**3 - 22*v**2 + 48*v + 9. Let w(f) = -12*f - 232. Let j be w(-21). What is the units digit of s(j)?
9
What is the units digit of 17/1*(17 - ((-176)/11 - 544))?
9
Suppose -21*f + 11*f = -33230. What is the hundreds digit of f?
3
Let o(u) = -6*u - 7*u**2 - 9*u - 12*u**2 + 20*u**2 - 1 + 3. Let i(h) = -h**3 + 2*h**2 + h + 2. Let b be i(-2). What is the tens digit of o(b)?
1
Let j(s) = 2*s**3 - 31*s**2 + 123*s + 4. What is the thousands digit of j(18)?
3
Let o = 16014 + 8838. What is the thousands digit of o?
4
Let q(b) = -109*b**3 - 22*b**2 - 83*b - 24. What is the tens digit of q(-5)?
6
Let j = -1214 + 1987. Suppose -j = -3*l - 29. What is the hundreds digit of l?
2
Let a = 10335 - -631. Suppose 23*b = a - 110. What is the hundreds digit of b?
4
Suppose 42363 = i + 3*c, i - 11*c - 42411 = -6*c. What is the tens digit of i?
8
Suppose 26*n - 24*n = 15790. What is the hundreds digit of n?
8
Let v = 5772 - 612. Suppose -24*z + v + 3264 = 0. What is the hundreds digit of z?
3
Let h = 16 - -21. Let o = h + -34. Suppose 8*q - 11*q = -o. What is the units digit of q?
1
Let s be -1 - 1/((-2)/(-426)). Let d be ((-1694)/(-66))/((-3)/9). Let k = d - s. What is the hundreds digit of k?
1
Suppose 15368 = -15*d + 125738. What is the hundreds digit of d?
3
Let s = 12661 - 21685. What is the units digit of s/(-22) + 58/(-319)?
0
Let y = -848 + 1605. Let n = y + -56. What is the units digit of n?
1
Suppose 5*r = -3*q + 9*r - 190, q + r = -75. What is the hundreds digit of (-8)/(-28) + 0 + (-60740)/q?
8
Let k = 14307 - 7254. What is the thousands digit of k?
7
Suppose -17665 = -5*i + 4*t, i - 1386 = -5*t + 2176. What is the thousands digit of i?
3
Let j(d) = d**2 - 10*d + 28. Let l be j(4). Suppose 1149 = l*b - 435. What is the hundreds digit of b?
3
Suppose -19*h + 27 = k - 17*h, 3*k - h = 53. Suppose -k*w - 222 = -1742. What is the units digit of w?
0
Let n(s) = 56195*s**3 - s**2 - 4*s - 1. What is the ten thousands digit of n(1)?
5
Let s = -63 + 63. Let d(y) = -y**2 - 7*y - 4. Let p be d(-5). Suppose s = -x + p*x - 105. What is the units digit of x?
1
Let x be 22*-3*246/(-9). Suppose 4*k - x = -5*p - 250, 5*p = 3*k - 1183. What is the hundreds digit of k?
3
Let j = 188638 - 95751. What is the tens digit of j?
8
Let w be (-3 + 2)/(3/(-39)). Let y = 13 - w. Suppose y = 10*v - 11*v + 119. What is the tens digit of v?
1
Let c = 14818 + -9496. What is the tens digit of c?
2
Let d be 28/14*(709 + 6/3). Suppose d = -32*b + 35*b. What is the units digit of b?
4
Let f be (-88)/(-24) - 4/6. Let t be 1/(f/(-150)*2). Let a(u) = u**3 + 26*u**2 + 18*u. What is the tens digit of a(t)?
7
Let a = -704 - -1097. Let g = -125 + a. Suppose -7*n + 5 = -g. What is the tens digit of n?
3
Let g be 145248/160 + 2/10. Suppose 0 = 914*f - g*f - 7938. What is the units digit of f?
3
Let t(n) = 109*n - 2782. What is the units digit of t(84)?
4
Suppose p - 162 = 119. Let x be (-3 - (4 - 6)) + p. Suppose -6*u + x = u. What is the units digit of u?
0
Let c be (-4)/(-4)*(-8)/(-4). Suppose -c*d + 317 = -183. What is the units digit of d?
0
Let o be (-1)/(15/(-12) - -1). Suppose o*p - 166 = -5*i + p, -2*i + 5*p = -85. What is the tens digit of 6/(-3)*(1 - i)?
6
Suppose -4*p + 70822 = -2*c, -4*p + c = -7*p + 53109. What is the units digit of p?
4
Let a(o) = 35*o. Let q be a(-1). Let s = q - -53. What is the hundreds digit of (-9)/(s/(-364)) + 5?
1
Suppose 0 = -2*c - 4*p + 8, 3*p + 2 = -2*c + 11. What is the hundreds digit of 2/(c + (-8981)/1498)?
4
Let n(d) = -111*d - 51. Let l be n(-35). Suppose -5*m = 4*m - l. What is the hundreds digit of m?
4
Let f be -3*((-25480)/21)/13. Let d = f - 248. What is the units digit of d?
2
Let n be (-116)/(-3)*(-4485)/(-460). Let c(h) = -2*h**3 + 6*h**2 - h + 8. Let m be c(6). Let x = m + n. What is the hundreds digit of x?
1
Suppose 5*c - 4*i - 5338 = 3662, 5*i = 4*c - 7200. Let p = c